4 a factor of 23250086?
False
Is 19462252 a multiple of 4?
True
Is 56294011 a multiple of 15?
False
Is 399700638 a multiple of 227?
False
Is 1013 a factor of 3377223179?
False
Is 540245401 a multiple of 76?
False
Is 39 a factor of 152544813?
False
Does 920 divide 249380720?
True
Is 55581563 a multiple of 30?
False
Is 17307891 a multiple of 23?
True
Is 33 a factor of 1817046?
True
Is 101 a factor of 411273860?
False
Is 9 a factor of 88415470?
False
Is 475094298 a multiple of 42?
True
Is 1079870539 a multiple of 491?
True
Does 12 divide 79091034?
False
Does 229 divide 695244?
True
Is 29348331 a multiple of 57?
True
Does 71 divide 1227812335?
False
Does 6778 divide 4217705392?
True
Does 34 divide 68538865?
False
Does 34 divide 6116430?
True
Is 461272704 a multiple of 96?
True
Does 1728 divide 61992000?
True
Is 67198533 a multiple of 20?
False
Is 70963835 a multiple of 2903?
True
Is 47 a factor of 1703458396?
False
Does 287 divide 31949712?
False
Is 203016815 a multiple of 199?
True
Is 10583948 a multiple of 94?
False
Is 384 a factor of 900305468?
False
Is 7620871 a multiple of 108?
False
Is 298 a factor of 829375102?
False
Is 149 a factor of 6589078?
True
Is 2051945340 a multiple of 230?
False
Is 3715 a factor of 543925022?
False
Is 458620458 a multiple of 289?
True
Is 805 a factor of 19807289?
False
Does 2803 divide 5007176?
False
Is 25912124 a multiple of 1838?
True
Is 21936712 a multiple of 1046?
True
Does 20 divide 30757660?
True
Is 94183777 a multiple of 43?
False
Is 214228854 a multiple of 82?
True
Is 372 a factor of 20298557?
False
Is 17026486 a multiple of 12?
False
Does 94 divide 5510150?
False
Is 550 a factor of 292250750?
True
Does 17 divide 100753406?
False
Does 224 divide 8973888?
True
Does 2 divide 44887775?
False
Is 23317875 a multiple of 945?
True
Is 143 a factor of 12997699?
True
Is 272 a factor of 1141838048?
True
Does 57 divide 2085285663?
True
Is 142 a factor of 242772019?
False
Is 94280619 a multiple of 1046?
False
Is 12217923 a multiple of 170?
False
Is 862885069 a multiple of 8499?
False
Is 468 a factor of 318854718?
False
Does 5077 divide 347236338?
True
Is 1751 a factor of 52932730?
True
Is 5958748 a multiple of 239?
True
Is 196 a factor of 922422?
False
Is 119196049 a multiple of 8882?
False
Does 233 divide 83901669?
True
Is 27 a factor of 44960165?
False
Is 14 a factor of 130974102?
True
Does 751 divide 135049?
False
Is 55 a factor of 90082530?
False
Does 209 divide 8270365?
False
Is 327 a factor of 2683260118?
False
Is 13 a factor of 202518875?
True
Does 360 divide 361589683?
False
Is 24594520 a multiple of 5?
True
Does 1186 divide 90162092?
True
Is 195 a factor of 95548830?
True
Is 41542721 a multiple of 209?
True
Does 16 divide 190169426?
False
Is 74 a factor of 1054597?
False
Is 780 a factor of 171064164?
False
Does 40 divide 58371800?
True
Is 74117742 a multiple of 11?
False
Is 562880 a multiple of 193?
False
Does 235 divide 1930115?
False
Is 197505210 a multiple of 4857?
False
Is 5347512 a multiple of 6?
True
Does 72 divide 22334688?
True
Is 4792 a factor of 465375080?
True
Does 6934 divide 388713117?
False
Does 605 divide 66332805?
True
Is 25191954 a multiple of 406?
False
Is 59912510 a multiple of 421?
True
Is 427582888 even?
True
Is 172737943 a multiple of 1228?
False
Does 90 divide 556830270?
True
Is 548795225 a multiple of 4345?
True
Is 2591647 a multiple of 457?
True
Is 20 a factor of 36391138?
False
Does 37 divide 29517685?
False
Is 67318876 a multiple of 65?
False
Is 93144135 a multiple of 78?
False
Is 12 a factor of 155884272?
True
Is 117114452 a multiple of 13?
True
Is 3845765 a multiple of 539?
True
Does 30 divide 6840425?
False
Is 8429237 a multiple of 6?
False
Is 62366237 a multiple of 4255?
False
Does 312 divide 13533624?
True
Is 104 a factor of 33453368?
True
Is 1539745560 a multiple of 1192?
False
Is 504902580 a multiple of 1330?
True
Does 242 divide 3820454?
True
Does 861 divide 104725559?
False
Does 632 divide 43089128?
True
Does 181 divide 3480880?
False
Is 63248945 a multiple of 273?
False
Is 17346361 a multiple of 92?
False
Does 9 divide 1297198244?
False
Is 13 a factor of 74382294?
False
Does 13 divide 402023531?
True
Does 1401 divide 97718349?
True
Is 252 a factor of 3252728?
False
Is 1384297646 a multiple of 16?
False
Is 11952341 a multiple of 339?
False
Is 59684196 a multiple of 52?
True
Is 620 a factor of 103009900?
True
Does 380 divide 10823174?
False
Is 24204705 a multiple of 163?
False
Does 6 divide 10866805?
False
Is 416 a factor of 5177952?
True
Is 797361081 a multiple of 2020?
False
Is 12 a factor of 1266886897?
False
Is 889392781 a multiple of 2540?
False
Is 409 a factor of 48278868?
False
Is 5711823 a multiple of 27?
True
Is 33114641 a multiple of 942?
False
Does 55 divide 2698671085?
True
Is 493455495 a multiple of 7215?
True
Does 1044 divide 233833038?
False
Does 57 divide 2180991?
True
Is 35 a factor of 280065637?
False
Is 7627116 a multiple of 103?
False
Is 29 a factor of 247680474?
True
Does 69 divide 2193618606?
True
Does 162 divide 846557?
False
Is 515 a factor of 1357275290?
True
Is 832 a factor of 1121138793?
False
Does 52 divide 7703621?
False
Is 440 a factor of 1040856935?
False
Is 342431846 a multiple of 582?
False
Is 545219009 a multiple of 70?
False
Is 102 a factor of 67492773?
False
Is 4 a factor of 9568092?
True
Is 13 a factor of 3187951?
True
Is 11 a factor of 23023502?
False
Is 1812596454 a multiple of 27?
True
Is 287 a factor of 2777245?
False
Does 4851 divide 1721348244?
True
Does 618 divide 1078462748?
False
Does 968 divide 436105296?
True
Does 1355 divide 16898205?
True
Does 31 divide 126014163?
True
Is 372435936 a multiple of 1940?
False
Does 9283 divide 4279481566?
True
Is 1525 a factor of 769835250?
True
Is 7761690 a multiple of 510?
True
Is 305909268 a multiple of 14?
True
Is 74448075 a multiple of 435?
True
Is 838654320 a multiple of 236?
True
Is 181 a factor of 2041175232?
False
Is 6818 a factor of 464394434?
True
Is 714 a factor of 433972056?
True
Is 194 a factor of 8448391?
False
Does 42 divide 1032844638?
True
Is 1157747519 a multiple of 19?
False
Is 657 a factor of 1285318841?
False
Does 805 divide 467267080?
True
Is 1373 a factor of 1767051?
True
Is 62609925 a multiple of 525?
True
Is 1404900 a multiple of 60?
True
Is 5827 a factor of 816562244?
False
Is 1215000736 a multiple of 13?
False
Is 1983331830 a multiple of 26?
False
Does 186 divide 13009954?
False
Is 41523930 a multiple of 19?
True
Is 18835571 a multiple of 2017?
False
Is 280345782 a multiple of 13074?
True
Does 14 divide 20344075?
False
Does 93 divide 30180376?
False
Is 157 a factor of 8790116?
True
Does 75 divide 2976150?
True
Is 431 a factor of 666357787?
False
Is 43430244 a multiple of 3?
True
Is 369101534 a multiple of 35?
False
Is 27368435 a multiple of 5?
True
Is 21040208 a multiple of 1316?
True
Is 444105563 a multiple of 22?
False
Is 18 a factor of 267994302?
False
Does 642 divide 8174774?
False
Does 24 divide 115107768?
True
Is 3 a factor of 3450039?
True
Is 1273 a factor of 75444345?
True
Is 1263 a factor of 96332821?
False
Does 1267 divide 27926457?
False
Does 19 divide 2606232446?
False
Is 441432960 a multiple of 669?
True
Is 157 a factor of 151498711?
False
Is 22558331 a multiple of 466?
False
Is 200025 a multiple of 9?
True
Is 81653648 a multiple of 167?
True
Is 54 a factor of 5733558?
True
Is 4064439270 a multiple of 59?
False
Is 289752024 a multiple of 381?
True
Is 334 a factor of 3288362960?
False
Is 1715 a factor of 3918444005?
True
Is 103361509 a multiple of 13?
False
Is 317350824 a multiple of 3444?
True
Does 615 divide 15609315?
True
Does 211 divide 3473045?
False
Is 67415111 a multiple of 29?
True
Is 208397670 a multiple of 615?
True
Is 1082 a factor of 5447870?
True
Is 1112218992 a multiple of 9402?
True
Does 261 divide 49181013?
True
Does 5445 divide 1529266205?
False
Is 1176 a factor of 108885339?
False
Does 131 divide 33478531?
False
Is 70 a factor of 2255204980?
True
Is 6 a factor of 21659814?
True
Is 42081675 a multiple of 3?
True
Is 2196285618 a multiple of 4467?
False
Does 737 divide 224481356?
True
Is 54 a factor of 14744646?
True
Is 46852616 a multiple of 15?
False
Is 794 a factor of 35254412?
False
Is 7 a factor of 40768665?
True
Is 429 a factor of 5